 + 3 - 5*x - x**2 + q*x**2 + 0*x**2. Calculate a(3).
-3
Let t(i) be the second derivative of -3*i**5/20 - i**4/3 - i**3/2 - 4*i. Calculate t(-2).
14
Let h(q) = -q**3 + q**2 + q - 10. Suppose -9 + 9 = -10*c. Determine h(c).
-10
Let i = 7 - 6. Let l(q) = 4*q - i - q - q**2 - 1. Determine l(4).
-6
Let s be (4/10)/(1/(-5)) - -5. Let k(t) = -t - 3. Determine k(s).
-6
Suppose -4*b + 5*v + 22 = 4*v, 0 = 2*b + 5*v. Suppose 4 + 11 = b*m. Let z(g) = 2*g - 3. What is z(m)?
3
Let l = -50 - -47. Let j(k) = -k - 1. What is j(l)?
2
Let t be (-4)/6*30/(-4). Let u(x) = -4*x - x**2 + 4*x + t*x. Suppose 0 = 4*z + 5*c - 26, -4*c + 7 = -z + 3. Determine u(z).
4
Let a = 8 - 5. Suppose w + 5*s + 12 = 0, a*w - w - 3*s - 2 = 0. Let g(v) = v**3 + 2*v**2 + v + 1. Determine g(w).
-1
Let i(t) = -t + 4. Let z be i(-1). Let l(r) = -r + 13. Let b(x) = -1. Let y(h) = -6*b(h) - l(h). Calculate y(z).
-2
Let z(g) = -g**2 - 5*g + 1. Suppose 23 = 4*y - 5*i, 3*y - 2*y - 14 = 4*i. Suppose 4*w = 3*h - 48, -4*h = 4*w - 0*w + 48. Let p be (-4 - -5) + w/y. Give z(p).
1
Let v(u) = -u**3 - u. Let x(t) be the third derivative of t**4/8 - t**3/3 + 2*t**2. Let r be x(2). Suppose -6*i + 2*i + r = 0. Determine v(i).
-2
Let h(u) = -3*u**3 - u**2 + 2*u - 1. Let j be h(1). Let n(t) = 1. Suppose 5*i - 3 = 2*i. Let q(v) = -2*v + 2. Let a(b) = i*q(b) + j*n(b). What is a(2)?
-5
Let i = -49 - -44. Let n(z) = z**2 + 8*z + 5. Give n(i).
-10
Let h(v) = -5*v**2 + 2*v**2 - 4*v + 1 + 5*v**2 - 2. Determine h(4).
15
Let j(h) be the third derivative of -h**5/60 + 5*h**4/24 - h**3 + 2*h**2. Suppose -2*n = -7*n + 20. Let w be (-2)/n - (-9)/2. Calculate j(w).
-2
Let y = -1 - -17. Let i = y - 10. Let c(v) = -v**2 + 4*v - 6. Let h(p) = -p**2 + 3*p - 5. Let q(g) = i*h(g) - 5*c(g). Determine q(-3).
-3
Let j = 46 - 41. Let g(k) be the second derivative of 3*k - k**2 + 0 + 1/6*k**3 - 1/3*k**4 - 1/20*k**j. Determine g(-4).
-6
Let w(z) = 3*z**2 - 2*z + 3. Let g(h) = 7*h**2 - 5*h + 6. Let p(f) = 4*g(f) - 9*w(f). What is p(3)?
0
Let s(t) = 2*t + 5. Let z be (15/(-45))/(2/(-24)). Calculate s(z).
13
Let f(z) = -z + 5. Let k(a) = a + 12. Let i be k(-6). Give f(i).
-1
Let g(w) be the second derivative of -w**3/2 - w**2/2 - 19*w. Calculate g(1).
-4
Let v(i) = -2*i**2 + 4*i**2 - i**2 + i + 6 + 0*i. Determine v(0).
6
Let u(t) be the third derivative of -t**4/2 + 10*t**2. What is u(-1)?
12
Let f = -12 - -12. Let p(j) be the second derivative of 1/2*j**4 + 4*j + 0*j**2 + f + 1/6*j**3. Give p(1).
7
Let x(d) = 2*d**2 + d - 4. Let w(m) = 3*m**2 + 3*m - 8. Let q(j) = 3*w(j) - 5*x(j). Suppose h - 8 = -0*a - 2*a, -5*h - a = -22. Calculate q(h).
-4
Let o(b) = -b**2 - 5*b - 3. Let n(d) be the first derivative of -d**2 + 6*d + 2. Let y be n(5). Let a be (y/(-10))/(1/(-10)). What is o(a)?
1
Let r(m) = -m - 6 - 7 + 27 - 13. Give r(-3).
4
Let t(g) = g**3 - g**2 + g + 5. Let x be (-6 - -6) + 0/1. Determine t(x).
5
Let l(x) be the first derivative of x**2/2 - 1. Let t be (-4)/(-4) + 3 + -1. What is l(t)?
3
Let h be (3 + -1)*1/(-2). Let a(x) be the first derivative of -x**5/120 + x**4/24 + x**3 - 3. Let w(c) be the third derivative of a(c). Give w(h).
2
Let c = -17 + 22. Let r(k) = k**2 - 6*k + 1. Give r(c).
-4
Let a be 4 - ((-3)/(-3) + 1). Let i(g) = -g**2 - 2 + 6*g - a*g + 1 - 5*g**3 - 3*g. Give i(1).
-6
Let s be (2 + -1)*(-1 + 0). Let d(b) = 6 + 19 + 7*b**3 - 24. Determine d(s).
-6
Let g = -13 - -5. Let v(l) = -2*l. Let u(w) be the second derivative of -w**3 + 3*w. Let t(q) = g*v(q) + 3*u(q). What is t(-3)?
6
Let f(u) = -u**3 - 5*u**2 + u + 4. Let b be 0*1/(-2) + 2. Let t be -3*2 - (-2)/b. Calculate f(t).
-1
Let o(b) = -b**3 + 5*b**2 - b + 10. Let s(k) = 3*k**3 - 15*k**2 + 4*k - 29. Let c(r) = 8*o(r) + 3*s(r). Calculate c(5).
13
Let q(j) = 3*j - 1. Let s be (-3)/(-5) - (-42)/5. Let i = -8 + 1. Let z = i + s. Give q(z).
5
Let a(s) = -s**2 + s - 4. Let c be a(0). Let t = c - -7. Let n(x) = -t - 2*x**2 + 4*x + 2 + x**2. Calculate n(3).
2
Let d(f) be the third derivative of f**5/60 - f**4/8 - 2*f**3/3 - f**2. Suppose 2*h - 4*h + 8 = 0. Suppose h*i - 3*i - 3 = 0. What is d(i)?
-4
Let b(i) = -1 - i**2 + 8*i**2 - 6*i**2 + i**2. Give b(1).
1
Let j(t) be the second derivative of 0 - 1/10*t**5 - 3/2*t**2 + 8*t + 1/12*t**4 + 2/3*t**3. Determine j(2).
-7
Let r(a) be the third derivative of a**7/840 - a**6/72 + a**5/30 + a**3 + 3*a**2. Let u(q) be the first derivative of r(q). Give u(3).
-6
Let r(n) = n**2 + 9*n + 8. Let k be r(-8). Let o(h) = -6 + 1 + 2*h + k*h - 3*h. Determine o(-4).
-1
Suppose 0 = 5*x - 0*x - 20. Let p(c) = 4 - 3 - c + x. Let b = -8 - -12. Calculate p(b).
1
Let j(a) = -2*a**3 + 5*a**3 - 5*a - 4 - 2*a + 4*a**2 + 0*a. Let z(k) = -7*k**3 - 8*k**2 + 14*k + 7. Let p(t) = 5*j(t) + 2*z(t). Give p(-5).
4
Let w(t) = -4*t - 5. Let l be w(-2). Let d(s) = -3 + 8 - 5 - l*s - 2. Determine d(-6).
16
Let i(q) = q**2 - 1. Let m(o) = -o**2 + 1. Let f(d) = -2*i(d) - m(d). What is f(1)?
0
Let d = -7 + 12. Let t(g) = 0*g + d*g - 2*g. Calculate t(4).
12
Let n = -70 - -64. Let h(s) = 3*s + 8. Give h(n).
-10
Let h(p) be the third derivative of p**5/60 - p**4/6 - 4*p**3/3 + 9*p**2. Calculate h(6).
4
Let n(u) = -u**3 - 4*u**2 - 3*u - 3. Let x = 7 + -3. Let w(l) = -x - l + 4 + 3. Let h be w(6). Determine n(h).
-3
Let l(d) = -d**2 - d**3 + 1 + 2*d**3 + 1. What is l(2)?
6
Let z(k) = -5*k + 1. Suppose 0 = 9*r - 10*r + 1. What is z(r)?
-4
Suppose -11 - 17 = -4*v. Let n = v + -7. Let b(t) = t - 7. Let r(z) = 2*z - 7. Let h(u) = -3*b(u) + 2*r(u). Calculate h(n).
7
Let f = 5 - 5. Suppose -28 = -4*i + 2*p, 2*i + 4*p + 7 = 1. Let l(k) = -4*k**3 + 2*k - 3*k + 5 + i*k**3. What is l(f)?
5
Let y = 0 - 4. Let o(b) be the first derivative of -b**4/12 - b**3/3 + b**2/2 - 2*b - 2. Let w(n) be the first derivative of o(n). What is w(y)?
-7
Let r(b) = 5*b. Suppose 4 = -c - c. Calculate r(c).
-10
Let g(n) = 2*n - 10. Let k be g(7). Let j(d) = 0*d + d**2 - 5 - 2*d + 1. Determine j(k).
4
Let t(y) = y**3 - 2*y**2 + 4*y - 4. Let m be t(2). Let v(l) = -2*l**2 + 5*l - 6. Give v(m).
-18
Let u = -3 - -5. Let p(n) = 2*n + 3*n**2 - 3 + 2 + 0*n**u. Calculate p(1).
4
Let u(m) = -m**3 - 6*m**2 + 4*m - 5. Let v(i) = -i - 6*i**2 + i**3 + 7*i**2 + 0*i. Let j(b) = -u(b) - 2*v(b). Determine j(4).
-3
Let w(t) = 3*t + 6. Let c be (-1 - -2)*(-5)/10*8. Determine w(c).
-6
Let i(b) = 5*b**3 - 12*b**3 + 2 + b**2 - 3 + b + 6*b**3. Give i(0).
-1
Let s(y) = -y - 12. Let v(f) = 2*f + 24. Let c(h) = 9*s(h) + 4*v(h). Calculate c(-8).
-4
Let b(d) = -d**3 + 5*d**2 - 2*d - 5. Let l = -13 + 19. Suppose l*r + 4 = 7*r. Determine b(r).
3
Let l(v) = -19 + 2*v**2 + 2*v**3 - 2*v + 10 + 10. Give l(1).
3
Let r(a) = -a**2 - 4*a - 4. Let t(b) = -3*b**2 - 7*b - 8. Let y(n) = 5*r(n) - 2*t(n). What is y(6)?
-4
Let r(d) = d**2 - d + 3. Let k(i) = -i**2 - 4*i - 5. Let o be k(-4). Let n = o - -5. Determine r(n).
3
Let c(r) = r**2 + 5*r + 10. Let x(t) = t**2 + t + 1. Let v(y) = c(y) - 2*x(y). Calculate v(7).
-20
Suppose 2*k = 4, -y + 24*k = 25*k - 9. Let f(t) = -3*t**2 + t**2 + t**2 + 8 + 6*t. Calculate f(y).
1
Suppose 4*i = -3*l + 8, 2*l + 1 = 2*i - 3. Let d(x) = 3*x**2 - 5*x + x - i*x + 3*x. Give d(2).
6
Let g(n) = n - 1. Let h(l) = -2*l + 4. Let x(k) = k - 2. Let v(f) = -4*h(f) - 7*x(f). Let y(a) = 4*g(a) - 3*v(a). Determine y(3).
5
Let o(b) be the first derivative of b**2/2 + 2*b + 20. Determine o(-4).
-2
Let y(k) = k**3 + 5*k**2 + 6*k + 2. Suppose -4*v = -v - 12. Suppose 12 = 5*f - 3*n, -3*f + 0*f = v*n - 13. Let l = -1 - f. What is y(l)?
-6
Let f be ((-4)/10)/((-2)/5). Let u(y) = -2*y - 3*y + 3*y - f. Determine u(2).
-5
Suppose 4*l - 56 = -20. Suppose -3*n + 6*n = -l. Let r(a) = -a**3 - 3*a**2 - a + 2. Determine r(n).
5
Let g(c) = -9*c**2 - 9*c + 11. Let f(v) = 4*v**2 + 4*v - 5. Let i(w) = 13*f(w) + 6*g(w). Suppose 0 = 4*s - 2 - 6. What is i(s)?
-11
Let l(o) = -6*o**3 + 15*o**2 - 20*o - 10. Let k(t) = t**3 - 3*t**2 + 4*t + 2. Let r(m) = 11*k(m) + 2*l(m). What is r(-3)?
-10
Suppose 3*m = -b + 12, 3*m - 3 = -4*b + 18. Let j(n) = -2*n - 2. Let c be j(-2). Let u(d) = -4 + 4*d**3 - d**b + 3*d**c - 4*d**3. Determine u(3).
-4
Let i(w) = 2*w**2 - 6*w**2 + 8*w**2 - w - w**3. Let g(t) = 3*t**2 + 2*t - 1. Let y be g(1). What is i(y)?
-4
Suppose -d + 4 = -2*h, 0 = 5*h + 6 + 14. Let l(p) = -p**2 - 5*p - 6. Give l(d).
-2
Let r(p) = p**2